 40. Let y = 524 + -152. Suppose -b*z + y = -313. What is the units digit of z?
7
Suppose -h = -i + 2, 5*h - 2*i + 2 = h. What is the hundreds digit of ((0 + 1)/h)/((-2)/(-816))?
4
Let i(k) = k**3 - 8*k**2 - 17*k + 13. Let p be (-4)/(14 - 6) - 46/(-4). What is the tens digit of i(p)?
8
Let t = 297 + -293. What is the tens digit of 123/1*((-14)/(-3) - t)?
8
Let i = 65767 - 34333. What is the ten thousands digit of i?
3
Let u(s) = 131*s**2 - 53*s + 394. What is the tens digit of u(12)?
2
Suppose -3*j + 14130 + 12228 = 3*m, -2*j + 8 = 0. What is the units digit of m?
2
Let u(w) = w**3 + 15*w**2 + 17*w + 2. Let v(x) = -2*x**2 + 3*x + 8. Let a be v(4). Let b be u(a). Let j = -161 + b. What is the units digit of j?
9
Let h be -3 + 2 + 0 + (-1 - -1). Let i(k) = 809*k**2 + 2*k + 3. What is the hundreds digit of i(h)?
8
What is the thousands digit of (-24)/(-10) - (-5668480)/800?
7
Let b be (-20)/6*90/(-150). Let o = 5 + -3. Suppose 5*c = b*w - 191, 7*w - 493 = o*w - 3*c. What is the units digit of w?
8
Suppose -442*r + 76*r + 1399950 = 0. What is the hundreds digit of r?
8
Suppose -2 = 4*h - 10. Let r = 44 - 44. What is the tens digit of (h - 2)/3 + r + 71?
7
Suppose 0 = -6*t + 12 + 6. Suppose 2*r + 494 = 3*w, -4*r = t*w - 3*r - 500. What is the units digit of w?
6
Let u = -5322 - -5945. What is the tens digit of u?
2
Suppose -p = -9*p + 40. Suppose 12*z - 2363 = -p*z. What is the hundreds digit of z?
1
Let y be (5/(-45))/(2/6)*(-605 + 14). Let w be 91/(-4) - 2/8. Let l = w + y. What is the units digit of l?
4
Suppose 1597 = k + 2*p, 2*p - 4402 + 12327 = 5*k. What is the tens digit of 63/126 - k/(-2)?
9
Let k(n) = -2*n**2 + 45*n + 8327. What is the tens digit of k(0)?
2
Let r = -677 + 1190. Let v = 764 + r. What is the units digit of v?
7
Let n = 60 - 55. Let x(h) = 3*h**3 + 5*h**2 + 5*h - 9. Let p(v) = -v**3 - 2*v**2 - 3*v + 5. Let y(z) = n*p(z) + 2*x(z). What is the tens digit of y(4)?
5
Suppose -1905 = -4*j + 5*c, 3*j - 5*c + 4*c = 1437. Let p = -187 + j. What is the hundreds digit of p?
2
Suppose -8*k + 9372 = -3*k + v, 0 = 4*v - 8. Suppose 0*n + 2520 = 4*w + 4*n, 0 = -3*w + 5*n + k. What is the units digit of w?
8
Let y(g) = 54 - 44*g + 103 - 9 - 61*g. What is the thousands digit of y(-10)?
1
What is the thousands digit of (-9)/((-36)/(-40)) + (-339480)/(-41)?
8
Suppose -4*l - 5*n = -16, 5*l - 7*l - 3*n + 6 = 0. What is the hundreds digit of 0/2 + -5 + (l - -181)?
1
Suppose 5*a - 2*k = 171534, 2*k + 3 - 19 = 0. What is the hundreds digit of a?
3
Suppose 0 = -277*a + 273*a + 12. What is the units digit of (-10080)/(-27) - 1/a?
3
Suppose t - 22*t - 22617 = 0. Let n = 2071 + t. What is the hundreds digit of n?
9
Suppose -11*n + 15*n = -8, m - 4*n = 899. What is the units digit of m?
1
Let a = 404 - 401. Suppose -a*c - 4*w + 730 = 0, -3*c + 13*w + 775 = 8*w. What is the units digit of c?
0
Suppose -45*x + 877909 - 59584 = 0. What is the units digit of x?
5
Let p(u) = -2*u - 12. Let c be p(-8). Suppose c*g = 50 - 54. What is the tens digit of 663/6 - g/6*3?
1
What is the hundreds digit of (-57)/((-18)/(-927)*(-2)/12)?
6
Let m(q) be the second derivative of 131*q**3/6 - 7*q**2 + 26*q. What is the tens digit of m(2)?
4
Suppose -81*m - 152*m = -28*m - 6761105. What is the units digit of m?
1
Let m be 1 + (5 - 5 - 242/2). Let l = -177 - m. Let x = l - -110. What is the units digit of x?
3
Let c be 12/5 - 12/30. Let w = -91 + 161. Let b = w - c. What is the units digit of b?
8
Suppose -1594 = -2*x - 5*s, -2*x + 1594 = 8*s - 6*s. Suppose -20*u = -3283 - x. What is the hundreds digit of u?
2
Let r = -55 - 105. What is the hundreds digit of 5 + ((-4 - 1)*1 - r)?
1
Let c(b) be the second derivative of b**5/20 - b**4/3 - b**3 - 9*b**2 - 21*b - 6. Suppose 2*y + 1 = 17. What is the tens digit of c(y)?
9
Let c(i) = 2*i**3 + 6*i**2 - 13*i - 36. Let u be c(-3). Suppose 44*g - 4 = 40*g, -3*s - u*g = -3945. What is the units digit of s?
4
Suppose -2139421 = -119*f + 409202. What is the tens digit of f?
1
What is the ten thousands digit of 5/(-35) + (-16 + 14)*73459/(-14)?
1
Suppose 0 = 52*w - 49*w - 2280. Let r = w - 723. What is the tens digit of r?
3
Let j = 303 + -303. Suppose 2*b - 495 - 1813 = -4*k, -3*b + 5*k + 3451 = j. What is the thousands digit of b?
1
Let f(i) = 2*i**2 + 21 + 4*i - 3*i**2 - 6*i + 9*i. Let k be f(9). Suppose -y + 0*y + 4 = 0, k*v + 2*y = 530. What is the tens digit of v?
7
Suppose 18*n + 17155 - 37 = 0. Let z = n - -1418. What is the hundreds digit of z?
4
Let t = -3125 + 7372. What is the hundreds digit of t?
2
Suppose 29304 = -4*o + 7*o - 2*g, -o + 3*g + 9761 = 0. What is the tens digit of o?
7
Suppose 5*b - 133705 = -5*g, 13074 = 14*g + 2*b - 361240. What is the hundreds digit of g?
7
What is the tens digit of 16 + (-12 - (-14 + -3801))?
1
Suppose -4*g - 4*w - 2864 + 27628 = 0, -24800 = -4*g + 5*w. What is the tens digit of g?
9
Suppose 3*p - m + 73 = 515, -m + 150 = p. Let i = 150 - p. Suppose 0 = -i*f + 3*j + 582, -2*j + 282 = f + j. What is the tens digit of f?
8
Suppose 6*u + 4895 = -4*r + 36891, -2*r - u + 16006 = 0. What is the hundreds digit of r?
0
Suppose -d + 182 + 123 = 2*r, -5 = 5*r. Suppose -5*x + 5*h - 1057 = -392, -9 = 3*h. What is the units digit of d/8*3 - (-17)/x?
5
Let r(m) = m**2 - 2*m - 44. Let y be r(10). Suppose -l - y*l = -33004. What is the hundreds digit of l?
8
Let m(u) = u**2 + 14*u - 7. Let z be m(-10). Let v = z - -52. Suppose -c + 4 + v = 0. What is the units digit of c?
9
Let l(a) = a**3 + 31*a**2 + 59*a - 165. What is the units digit of l(-24)?
1
Let r = 7067 + -4085. What is the hundreds digit of r?
9
Let p be 6/(-8) + 33763/(-76). Let y = -111 - p. What is the units digit of y?
4
Let t be ((-2)/17 - 121/(-17)) + -4. Suppose 13*k - 240 = t*k. What is the units digit of k?
4
Let g(z) be the second derivative of -1/12*z**4 - 13/2*z**2 - 6*z - 5/3*z**3 + 0. What is the units digit of g(-7)?
8
Let c be 3*(-115)/(-15) - 1. Let t = c + -107. What is the units digit of ((-12)/10)/(51/t)?
2
Let q = 5954 - -59504. What is the tens digit of q?
5
Suppose -2*b + k = -3*k + 12, -k = 3*b - 10. Suppose -o = -b*o + 281. What is the units digit of o?
1
Let d = 86906 + -9300. What is the ten thousands digit of d?
7
Let j(d) = -d**2 - 2*d + 36. Let c(p) = -p + 10. Let h be c(-4). Let y be j(h). What is the tens digit of (-4 + y/(-16))*12?
9
Let i(t) = -t**2 + t + 3. Let k be i(1). Suppose 12*o + 4988 = 4*h + 8*o, -k*h = 2*o - 3716. What is the thousands digit of h?
1
What is the thousands digit of (7 - -1) + (3936 + 11 - -21)?
3
Let v(a) = 5*a**2 - 48*a + 287. What is the units digit of v(-32)?
3
Let i(q) = 4*q**2 - 2*q - 7. Let o be i(-4). Let r = -47 + o. What is the hundreds digit of (63/r)/(2/104)?
1
Suppose 29*g = -4*g + 5831 + 3244. What is the hundreds digit of g?
2
Let p(r) = -264*r + 2075. What is the units digit of p(-47)?
3
Let a be 654/4 - (30/(-4) - -7). Suppose 9 = -i + a. What is the hundreds digit of i?
1
Let l = 79574 - 33425. What is the hundreds digit of l?
1
Suppose -2296560 = -107*h + 1250383. What is the tens digit of h?
4
Suppose u = -2*h + 34 + 22, 2*h = -3*u + 160. Suppose 0 = -74*j + 78*j - u. Suppose 2*d = -5*b + 85, -d + j + 36 = -4*b. What is the tens digit of d?
4
Let l(i) be the second derivative of 19*i**4/4 + 3*i**3/2 + i**2/2 + 4*i. Let a be l(-2). Let n = -92 + a. What is the hundreds digit of n?
1
Suppose -116 = -27*m - 2*m. Suppose 2*j = -2*q + 408 + 552, -m*q - 2*j = -1912. What is the hundreds digit of q?
4
Let i(p) = 5*p + 24. Let c be i(-14). Let d = c - -54. Suppose s = -y + d - 0, s = -5*y + 52. What is the units digit of y?
1
Suppose 0 = -65*a - 21*a + 885370. What is the units digit of a?
5
Let i = -41 - -121. Let g = 82 - i. Suppose -5*m = -h + 66, -g*m = 2*h - 89 - 7. What is the tens digit of h?
5
Let k(h) = h**3 - 13*h**2 - h + 15. Let f be k(13). Suppose 262 = q + 3*i, f*q - 3*i - 536 = -39. What is the tens digit of q?
5
Suppose 6*o - o - 5*c - 8185 = 0, 0 = -5*c - 10. Suppose -29*v + o = -1120. What is the tens digit of v?
9
Let f be (-2)/(-4*1/208). Let g(k) = -k**3 + 11*k**2 - 3*k + 6. Let z be g(10). Let o = z + f. What is the hundreds digit of o?
1
Let y(f) = -2*f + 85. Let a = 32 + 3. What is the units digit of y(a)?
5
Let s = -163 + 165. Suppose 0 = s*i + 4*o - 